Let v = x + -5. Suppose 0 = g - 2*g - v. Let f(a) = a**2 + 4*a - 7. Give f(g).
-2
Suppose -4*i = v, i = 3*i - v. Let j(o) = 4*o**3 - 2*o. Let m(c) = -5*c**3 + 3*c + 1. Let l(x) = 4*j(x) + 3*m(x). Determine l(i).
3
Let i be (-4)/(-3 + -1) + -5. Let z(w) = 3 - w - 2*w - w**3 - 2*w - 5*w**2. Give z(i).
7
Let y(k) = -k**2 + 12*k + 15. Let q(v) = -2. Let d(p) = 6*q(p) + y(p). Calculate d(12).
3
Let c(a) = -6*a + 3. Suppose -101*q + 104*q = 228. Let t = q - 73. Give c(t).
-15
Suppose 5*m - w - 7 = -0*w, -2*w - 4 = 0. Suppose 3 = a - m. Let p(u) = u + 3*u**2 - 8*u**3 - 7*u**3 - a*u**2. Determine p(1).
-15
Let y(q) be the first derivative of q**2 + q + 413. Let i = 2 - 1. Give y(i).
3
Suppose 0 = o - 3516 + 3517. Let g(w) = -22*w + 1. Give g(o).
23
Let i(d) = d + 1. Suppose 2*o = -2*j - 4 + 2, -2*j = -5*o + 2. Let x = o + 7. Calculate i(x).
8
Let v be 4/6 - 4/(-12). Let j(r) = -v + 4*r - 2*r - 6. Suppose -5*a + u = -35 + 4, 4*u = 4*a - 28. Determine j(a).
5
Let t(q) be the second derivative of q**4/12 - 4*q**3/3 + 3*q**2 - 145*q + 2. Let b be (12/9)/((-2)/(-9)). What is t(b)?
-6
Let u(i) = -3*i**2 + 7*i + 1. Let a be u(3). Let s = 27 + a. Let t = s + -22. Let z(m) = -m**2 - m - 1. What is z(t)?
-1
Let a(z) be the first derivative of -z**7/420 + z**6/120 + z**5/40 + z**4/6 + 13*z**3/3 + 12. Let g(o) be the third derivative of a(o). Determine g(3).
-14
Let v be (25/(-5) - -3)/(4/(-14)). Let m(x) = 5*x**2 - 5*x - 2. Let p(o) = 6*o**2 - 5*o - 2. Let k(d) = 5*m(d) - 4*p(d). What is k(v)?
12
Let k(o) be the first derivative of o**3/2 + o**2/2 - 11*o - 5. Let b(p) be the first derivative of k(p). What is b(-4)?
-11
Let b(g) be the second derivative of g**5/30 - g**4/12 + g**3/3 - 13*g**2/2 - 5*g. Let x(h) be the first derivative of b(h). What is x(2)?
6
Let a(t) = -t**3 + 3*t**2 - t - 2. Suppose 4*g + 9 = 3*j - 3, -2*j - 6 = 2*g. Let m be -4 - (-5 - (-2 + j)). Let n be (3 - m) + (-1 - 1). What is a(n)?
0
Let t = -55 - -44. Let d(r) = r**2 + 13*r + 19. Give d(t).
-3
Let j(q) = -q + 1. Let o(u) = -2*u + 3. Let x(f) = 13*j(f) - 6*o(f). Determine x(-6).
1
Let q(c) = -2*c + 4. Let h(k) = 4*k - 8. Let o(s) = 6*h(s) + 13*q(s). Suppose -6 = -m - m. Determine o(m).
-2
Let m be 4*12/(-30) + (-6)/15. Let g(k) = -k**2 - 2*k. What is g(m)?
0
Let r(p) = p**2 + 13*p + 50. Let k(j) = j**2 + 19. Let n(q) = 6*k(q) - 2*r(q). Give n(6).
2
Let s be 20/(-2)*88/(-55). Let b be (-1)/(-3)*(s + 2). Let n(c) = c**2 - 7*c. Give n(b).
-6
Let b(g) = g**2 + g - 1. Let d be (-39)/(-26)*12/(-9). Determine b(d).
1
Let s(a) = 11*a + 3 - 4 + 14*a - 27*a. What is s(3)?
-7
Let i(v) = v**3 - 5*v**2 + 2*v + 5. Let p be i(4). Let x be p/((-6)/4) - 0. Suppose -o - 2 + 5 = 0, x*o = -2*f + 18. Let r(b) = -b**2 + 6*b - 1. Determine r(f).
-1
Let d(p) = -p**2 - 7*p + 10. Let z be d(5). Let k = z - -48. Let i(w) = w**3 + w**2 - 4*w - 3. What is i(k)?
1
Let u(k) = -k**3 - 5*k**2 + 5*k - 5. Let m be u(-6). Let d be -4 - (1 - (0 + 6)). Let x(y) = d - y + 3*y - 1. Calculate x(m).
2
Let s(x) = 5*x**2 - 4*x + 4. Suppose 0 = 26*l - 45 - 33. Give s(l).
37
Let t = -426 - -429. Let r(k) = 2*k + 1. Determine r(t).
7
Suppose 11 + 1 = 6*b. Let t(y) = y**2 + 0*y**b + 113 - 7*y - 115. What is t(7)?
-2
Suppose 205*r - 15 = 202*r. Let s(a) = a**2 + r*a + 6*a - 2*a**2 - 5. Give s(11).
-5
Let d(p) be the first derivative of 9 - 10*p + 1/2*p**2. What is d(6)?
-4
Suppose 3*s - 28 = 5. Let o(d) = -3*d - 9. Let v(r) be the second derivative of -4*r**3/3 - 13*r**2 + 7*r. Let w(i) = s*o(i) - 4*v(i). Give w(4).
1
Let a(s) be the first derivative of -s**4/4 + 4*s**3/3 + 3*s**2 - 4*s - 117. What is a(4)?
20
Let v(m) be the second derivative of -m**3/6 - 3*m**2 + m. Let j be 12/8 - (105/14 - 6). Give v(j).
-6
Let w(g) = 0*g + 5*g - 3*g - 8. Let b be w(7). Suppose b*j = j - 25. Let v(z) = -z**3 - 6*z**2 - 3*z + 4. Give v(j).
-6
Suppose 4*v = -5*o + 22, -3*o - 2*o + 5*v = -40. Suppose -4*a + 15 + 1 = 0. Let z(l) = 5 - a*l + o - 7 + 5*l. What is z(-2)?
2
Let t = -23 - -28. Let j(x) = 0*x + t - 4*x - 2*x**2 - 2 - 4. Calculate j(-3).
-7
Let j(o) = 5*o**2 - 3*o - 1. Let p(a) = -a**3 + 6*a**2 + 10*a - 22. Let v be p(7). Give j(v).
7
Let j(i) = -i**2 - 9*i - 7. Let f be 544/51*(-9)/(-4). Let o be (-23)/(-5) + 4/10. Suppose 9*a + f = o*a. Calculate j(a).
11
Let d(r) = -5*r - 6. Let p(w) = w**2 + w - 94. Let h be p(9). Determine d(h).
14
Let i = 52 - 51. Let v(u) = 22*u**3 + u**2 - 1. What is v(i)?
22
Let t(l) = l**2 - 5*l + 1. Suppose 6*g - 239 = -29. Let n = g + -29. What is t(n)?
7
Let a(b) = -4*b**2 - 1. Let q(o) = -6*o - 11. Let h be q(5). Let n = -32 - h. Let j(y) = -y**2 + 7*y + 17. Let k be j(n). What is a(k)?
-5
Let p be (2 + (-9)/15)*(-10)/2. Let a(m) = -m**3 - 6*m**2 + 10*m + 6. Determine a(p).
-15
Let b be -3*(3 + (-35)/15). Let i(q) = -1. Let u(s) = -5*s + 20. Let z(t) = 20*i(t) + u(t). Give z(b).
10
Suppose 4*l = w + 2*w + 33, 0 = l + w - 17. Let a(d) = 6 - 20*d + 11*d + l*d. Calculate a(-4).
-6
Let r(g) = 5*g - 12. Let z = 784 - 781. Calculate r(z).
3
Suppose -2*t = 3*t - 290. Let i = t + -55. Let j(m) = 4*m + 4 - 3 + 1. Determine j(i).
14
Let d(a) = 29*a - 4 + 3*a**2 + 21*a - 74*a + 19*a. Calculate d(4).
24
Suppose -4*s - 20 = -6*s. Let v(a) = -s - 15 + 14 - 9*a. Let x(j) = -3*j - 4. Let b(u) = 3*v(u) - 8*x(u). Determine b(3).
-10
Let g(f) be the second derivative of f**3/6 - 4*f**2 + 9*f + 1. Determine g(6).
-2
Let j(h) be the first derivative of h**2 - 9*h - 59. Calculate j(8).
7
Let d(r) = -2*r - 6. Let p(w) = -5*w - 17. Let j(i) = -8*d(i) + 3*p(i). Let f = -99 - -106. Give j(f).
4
Let o(a) be the third derivative of -a**6/24 + a**4/8 - a**3/6 + a**2 - 89*a. Give o(2).
-35
Let n(k) be the first derivative of k**4/4 + 2*k**3 - 2*k + 48. What is n(-6)?
-2
Let n(b) = 7*b**2. Let h(s) = -3*s - 17. Let z(f) = f - 1. Let d(a) = h(a) + 6*z(a). Let q be d(8). Calculate n(q).
7
Let l(r) be the second derivative of r**6/720 - r**5/40 - 7*r**4/3 + 23*r. Let j(o) be the third derivative of l(o). What is j(6)?
3
Let p(y) = y + 19. Let z be p(-10). Let x(u) = -u**3 + 9*u**2 + u - 10. Let m be x(z). Let o(i) = -7*i**3 + 1. Calculate o(m).
8
Let o be (-1)/((-1)/2*12/30). Suppose -o*v = 12 - 47. Let p(l) = -l**3 + 8*l**2 - 7*l + 6. Calculate p(v).
6
Let b(y) be the first derivative of y**5/20 - y**4/3 - 7*y**3/6 + 2*y**2 - 3*y - 49. Let w(h) be the first derivative of b(h). What is w(6)?
34
Let t(o) = -o - 1. Suppose -2*s - 3*s - 166 = 3*v, -2*v = -2*s - 60. Let h be ((s/(-6))/4)/(100/225). What is t(h)?
-4
Let h = -212 - -210. Let b(v) = 2*v + 1. Give b(h).
-3
Let z(v) be the third derivative of -v**6/120 - 3*v**5/20 + 11*v**4/24 + 13*v**3/6 + 11*v**2. Suppose 15*t = -3*u + 18*t - 15, -2*t = u + 20. What is z(u)?
3
Let i(v) = -v - 1. Suppose o - 8 - 19 = -n, -n = 4*o - 30. Suppose -a - 3*a - 5*m = 29, 5*a = 4*m - n. Give i(a).
5
Let r be 8/(3 - 5/2). Let o(h) = 0 + 3 - 31*h - 3 - r*h**2 + 4. Let q(t) = 3*t**2 + 6*t - 1. Let f(d) = 2*o(d) + 11*q(d). Give f(-6).
9
Let g(b) = 21. Let a(f) = -f + 23. Let d(w) = 3*a(w) - 2*g(w). Give d(8).
3
Let c(p) = 7*p + 1. Let z = 20 + -14. Suppose -2 = -z*h - 14. Calculate c(h).
-13
Let l(v) = -7*v**3 - v**2 - 7*v - 12. Let a(o) = o**3 - o**2 + 1. Let g(s) = 6*a(s) + l(s). Calculate g(-6).
0
Suppose 5*i = 4*i + 5*i. Let s(v) = -v - 7. What is s(i)?
-7
Let u(f) = -f - 3. Suppose 9 = 2*y - 1. Calculate u(y).
-8
Suppose 2*q + 2 = 6. Let i be (-4)/2 + (6 - q). Let n(a) = -a**3 - 9*a**2 - 5*a + 7. Let r(p) = p**2 + p - 1. Let k(v) = n(v) + 6*r(v). Determine k(i).
-17
Let r(b) = b. Let k(q) = -3*q**3 - 2*q**2 + 1. Let j be k(-1). Suppose -j*g + 21 = 51. Let c be (4/(-12))/(1/g). Calculate r(c).
5
Let i(v) = -7*v - 2. Let p(n) = -11*n - 5. Let z(l) = -5*i(l) + 3*p(l). Give z(-2).
-9
Let r(t) = -494*t + 495*t - 2 - 2. Let h be r(8). Let i(s) = s**2 - 3*s - 3. What is i(h)?
1
Let j(p) be the first derivative of p**3 - p**2 - 2*p - 11. Suppose 8 - 12 = -2*r. Calculate j(r).
6
Let w(t) = -59*t + 69*t - 111 + 0*t**2 + t**2 + 98. What is w(-10)?
-13
Let g(p) = 2*p - 19. Let z be g(11). Let i be z/12 - 17/4. Let w(m) = 2*m**2 + m - 4. Determine w(i).
24
Let c(w) be the second derivative of w**7/140 + w**6/360 - w**5/120 + w**4/24 - 8*w**3/3 + 14*w. Let o(u) be the second derivative of c(u). Calculate o(1).
7
Let d(